{"id":25,"date":"2021-07-27T12:56:12","date_gmt":"2021-07-27T15:56:12","guid":{"rendered":"http:\/\/sunnypet.com.br\/site\/?post_type=product&#038;p=25"},"modified":"2021-07-30T23:56:36","modified_gmt":"2021-07-31T02:56:36","slug":"limpa-orelhas-500ml","status":"publish","type":"product","link":"https:\/\/sunnypet.com.br\/site\/produto\/limpa-orelhas-500ml\/","title":{"rendered":"Limpa Orelhas 55ml"},"content":{"rendered":"<p><strong>Indica\u00e7\u00f5es<\/strong><\/p>\n<ul>\n<li>\u00a0\u00a0\u00a0 C\u00e3es e gatos<\/li>\n<li>\u00a0\u00a0\u00a0 Para todas as ra\u00e7as e idades<\/li>\n<li>\u00a0\u00a0\u00a0 Limpeza do conduto auditivo e pavilh\u00e3o auricular<\/li>\n<li>\u00a0\u00a0\u00a0 Higieniza\u00e7\u00e3o antes da aplica\u00e7\u00e3o de medicamentos<\/li>\n<\/ul>\n<p><strong>Benef\u00edcios<\/strong><\/p>\n<ul>\n<li>\u00a0\u00a0\u00a0 Neutraliza os odores indesej\u00e1veis.<\/li>\n<li>\u00a0\u00a0\u00a0 Orelhas saud\u00e1veis .<\/li>\n<li>\u00a0\u00a0\u00a0 A higieniza\u00e7\u00e3o das orelhas previne o surgimento de infec\u00e7\u00f5es e inflama\u00e7\u00f5es.<\/li>\n<li>\u00a0\u00a0\u00a0 Remove completamente o cer\u00famem.<\/li>\n<\/ul>\n<p><strong>Modo de usar<\/strong><\/p>\n<p>Uso t\u00f3pico.<br \/>\nEmbeber\u00a0 um algod\u00e3o com o Limpa Orelhas Sunny Pet e limpar toda a \u00e1rea acess\u00edvel das orelhas at\u00e9 a completa remo\u00e7\u00e3o do cer\u00famem.<br \/>\nSeguir sempre as orienta\u00e7\u00f5es do M\u00e9dico Veterin\u00e1rio.<br \/>\nDurante a limpeza proteger os olhos e boca do animal.<\/p>\n","protected":false},"excerpt":{"rendered":"<ul>\n<li>\u00a0\u00a0\u00a0 Neutraliza os odores indesej\u00e1veis.<\/li>\n<li>\u00a0\u00a0\u00a0 Orelhas saud\u00e1veis .<\/li>\n<li>\u00a0\u00a0\u00a0 A higieniza\u00e7\u00e3o das orelhas previne o surgimento de infec\u00e7\u00f5es e inflama\u00e7\u00f5es.<\/li>\n<li>\u00a0\u00a0\u00a0 Remove completamente o cer\u00famem.<\/li>\n<\/ul>\n","protected":false},"featured_media":376,"comment_status":"open","ping_status":"closed","template":"","meta":[],"product_brand":[],"product_cat":[31],"product_tag":[45,32,47,48],"class_list":{"0":"post-25","1":"product","2":"type-product","3":"status-publish","4":"has-post-thumbnail","6":"product_cat-cuidados-especiais","7":"product_tag-cao-e-gato","8":"product_tag-cuidados-especiais","9":"product_tag-limpa-orelhas","10":"product_tag-orelha","12":"first","13":"instock","14":"shipping-taxable","15":"product-type-simple"},"_links":{"self":[{"href":"https:\/\/sunnypet.com.br\/site\/wp-json\/wp\/v2\/product\/25","targetHints":{"allow":["GET"]}}],"collection":[{"href":"https:\/\/sunnypet.com.br\/site\/wp-json\/wp\/v2\/product"}],"about":[{"href":"https:\/\/sunnypet.com.br\/site\/wp-json\/wp\/v2\/types\/product"}],"replies":[{"embeddable":true,"href":"https:\/\/sunnypet.com.br\/site\/wp-json\/wp\/v2\/comments?post=25"}],"wp:featuredmedia":[{"embeddable":true,"href":"https:\/\/sunnypet.com.br\/site\/wp-json\/wp\/v2\/media\/376"}],"wp:attachment":[{"href":"https:\/\/sunnypet.com.br\/site\/wp-json\/wp\/v2\/media?parent=25"}],"wp:term":[{"taxonomy":"product_brand","embeddable":true,"href":"https:\/\/sunnypet.com.br\/site\/wp-json\/wp\/v2\/product_brand?post=25"},{"taxonomy":"product_cat","embeddable":true,"href":"https:\/\/sunnypet.com.br\/site\/wp-json\/wp\/v2\/product_cat?post=25"},{"taxonomy":"product_tag","embeddable":true,"href":"https:\/\/sunnypet.com.br\/site\/wp-json\/wp\/v2\/product_tag?post=25"}],"curies":[{"name":"wp","href":"https:\/\/api.w.org\/{rel}","templated":true}]}}