{"id":402,"date":"2021-08-02T18:14:31","date_gmt":"2021-08-02T21:14:31","guid":{"rendered":"https:\/\/sunnypet.com.br\/site\/?post_type=product&#038;p=402"},"modified":"2022-03-08T21:48:06","modified_gmt":"2022-03-09T00:48:06","slug":"leave-on-1l","status":"publish","type":"product","link":"https:\/\/sunnypet.com.br\/site\/produto\/leave-on-1l\/","title":{"rendered":"Leave On 1L"},"content":{"rendered":"<div class=\"indicacoes-beneficios\"><strong>Indica\u00e7\u00f5es<\/strong><\/p>\n<ul>\n<li>\u00a0\u00a0\u00a0 C\u00e3es de todas as ra\u00e7as e idades.<\/li>\n<li>\u00a0\u00a0\u00a0 Desembara\u00e7ar e desembolar os pelos.<\/li>\n<li>\u00a0\u00a0\u00a0 Acelerar o tempo de secagem.<\/li>\n<li>\u00a0\u00a0\u00a0 Facilitar a tosa na tesoura.<\/li>\n<\/ul>\n<p><strong>Benef\u00edcios<\/strong><\/p>\n<ul>\n<li>\u00a0\u00a0\u00a0 Evita o embara\u00e7amento dos pelos.<\/li>\n<li>\u00a0\u00a0\u00a0 N\u00e3o oleoso.<\/li>\n<li>\u00a0\u00a0\u00a0 Sensa\u00e7\u00e3o de suavidade nos pelos.<\/li>\n<li>\u00a0\u00a0\u00a0 Reduz o volume dos pelos.<\/li>\n<li>\u00a0\u00a0\u00a0 A\u00e7\u00e3o anti frizz.<\/li>\n<li>\u00a0 \u00a0 Texturizador.<\/li>\n<li>\u00a0\u00a0\u00a0 Auxilia na escova\u00e7\u00e3o e penteados.<\/li>\n<li>\u00a0\u00a0\u00a0 Cont\u00e9m filtro solar UV com prote\u00e7\u00e3o solar moderada.<\/li>\n<li>\u00a0\u00a0\u00a0 Pelos hidratados, macios e extremamente perfumados.<\/li>\n<\/ul>\n<p><strong>Modo de usar:<\/strong><\/div>\n<div class=\"indicacoes-beneficios\">\nPode ser aplicado nos pelos secos para facilitar a escova\u00e7\u00e3o ou antes da secagem.<br \/>\nAplique uma pequena quantidade do Leave On Sunny Pet nas m\u00e3os e esfregue por toda e pelagem do animal.<br \/>\nMassageie para facilitar a aplica\u00e7\u00e3o do produto, e em seguida fa\u00e7a a escova\u00e7\u00e3o ou a secagem como de costume.<br \/>\nDurante a aplica\u00e7\u00e3o proteger os olhos e ouvidos do animal.<\/div>\n","protected":false},"excerpt":{"rendered":"<ul>\n<li>\u00a0 \u00a0 Sem enx\u00e1gue.<\/li>\n<li>\u00a0\u00a0\u00a0 Evita o embara\u00e7amento dos pelos.<\/li>\n<li>\u00a0\u00a0\u00a0 N\u00e3o oleoso.<\/li>\n<li>\u00a0\u00a0\u00a0 Sensa\u00e7\u00e3o de suavidade nos pelos.<\/li>\n<li>\u00a0\u00a0\u00a0 Reduz o volume dos pelos.<\/li>\n<li>\u00a0\u00a0\u00a0 A\u00e7\u00e3o anti frizz.<\/li>\n<li>\u00a0 \u00a0 Texturizador.<\/li>\n<li>\u00a0\u00a0\u00a0 Auxilia na escova\u00e7\u00e3o e penteados.<\/li>\n<li>\u00a0\u00a0\u00a0 Cont\u00e9m filtro solar UV com prote\u00e7\u00e3o solar moderada.<\/li>\n<li>\u00a0\u00a0\u00a0 Pelos hidratados, macios e extremamente perfumados.<\/li>\n<\/ul>\n","protected":false},"featured_media":380,"comment_status":"open","ping_status":"closed","template":"","meta":[],"product_brand":[],"product_cat":[106],"product_tag":[33,107,114,115],"class_list":{"0":"post-402","1":"product","2":"type-product","3":"status-publish","4":"has-post-thumbnail","6":"product_cat-shampoo-e-condicionador","7":"product_tag-cao","8":"product_tag-condicionador","9":"product_tag-leave-on","10":"product_tag-sem-enxague","12":"first","13":"instock","14":"shipping-taxable","15":"product-type-simple"},"_links":{"self":[{"href":"https:\/\/sunnypet.com.br\/site\/wp-json\/wp\/v2\/product\/402","targetHints":{"allow":["GET"]}}],"collection":[{"href":"https:\/\/sunnypet.com.br\/site\/wp-json\/wp\/v2\/product"}],"about":[{"href":"https:\/\/sunnypet.com.br\/site\/wp-json\/wp\/v2\/types\/product"}],"replies":[{"embeddable":true,"href":"https:\/\/sunnypet.com.br\/site\/wp-json\/wp\/v2\/comments?post=402"}],"wp:featuredmedia":[{"embeddable":true,"href":"https:\/\/sunnypet.com.br\/site\/wp-json\/wp\/v2\/media\/380"}],"wp:attachment":[{"href":"https:\/\/sunnypet.com.br\/site\/wp-json\/wp\/v2\/media?parent=402"}],"wp:term":[{"taxonomy":"product_brand","embeddable":true,"href":"https:\/\/sunnypet.com.br\/site\/wp-json\/wp\/v2\/product_brand?post=402"},{"taxonomy":"product_cat","embeddable":true,"href":"https:\/\/sunnypet.com.br\/site\/wp-json\/wp\/v2\/product_cat?post=402"},{"taxonomy":"product_tag","embeddable":true,"href":"https:\/\/sunnypet.com.br\/site\/wp-json\/wp\/v2\/product_tag?post=402"}],"curies":[{"name":"wp","href":"https:\/\/api.w.org\/{rel}","templated":true}]}}